nder when 93181 is divided by 31?
26
Calculate the remainder when 23262 is divided by 99.
96
Calculate the remainder when 4629 is divided by 172.
157
Calculate the remainder when 7426660 is divided by 1321.
1319
What is the remainder when 226284 is divided by 103?
96
What is the remainder when 9218 is divided by 390?
248
What is the remainder when 7657 is divided by 1529?
12
What is the remainder when 11895481 is divided by 142?
141
What is the remainder when 25397 is divided by 793?
21
Calculate the remainder when 2034 is divided by 232.
178
Calculate the remainder when 6504 is divided by 11.
3
Calculate the remainder when 18544 is divided by 9.
4
What is the remainder when 446334 is divided by 8?
6
Calculate the remainder when 28516 is divided by 559.
7
What is the remainder when 139840 is divided by 6079?
23
Calculate the remainder when 2538 is divided by 836.
30
Calculate the remainder when 4512 is divided by 410.
2
What is the remainder when 37584 is divided by 404?
12
Calculate the remainder when 111925 is divided by 26.
21
Calculate the remainder when 339261 is divided by 31.
28
What is the remainder when 522 is divided by 66?
60
Calculate the remainder when 817 is divided by 787.
30
What is the remainder when 132337 is divided by 1018?
1015
Calculate the remainder when 32924 is divided by 10963.
35
What is the remainder when 51069 is divided by 4255?
9
Calculate the remainder when 632897 is divided by 105480.
17
What is the remainder when 4023 is divided by 322?
159
What is the remainder when 370665 is divided by 782?
779
Calculate the remainder when 23547 is divided by 30.
27
What is the remainder when 11694 is divided by 6?
0
Calculate the remainder when 874157 is divided by 20813.
11
What is the remainder when 1446524 is divided by 16?
12
Calculate the remainder when 1361337 is divided by 439.
437
Calculate the remainder when 9091 is divided by 1113.
187
Calculate the remainder when 4866 is divided by 2.
0
Calculate the remainder when 35225 is divided by 114.
113
Calculate the remainder when 5614 is divided by 96.
46
Calculate the remainder when 5840 is divided by 221.
94
Calculate the remainder when 31797 is divided by 795.
792
What is the remainder when 154494 is divided by 50?
44
What is the remainder when 9501 is divided by 630?
51
Calculate the remainder when 41147 is divided by 187.
7
What is the remainder when 290717 is divided by 107?
105
Calculate the remainder when 706 is divided by 211.
73
Calculate the remainder when 4008 is divided by 148.
12
Calculate the remainder when 985 is divided by 138.
19
Calculate the remainder when 517751 is divided by 53.
47
What is the remainder when 11114 is divided by 247?
246
What is the remainder when 865 is divided by 418?
29
Calculate the remainder when 57352 is divided by 57352.
0
Calculate the remainder when 350397 is divided by 960.
957
What is the remainder when 2302254 is divided by 139?
136
Calculate the remainder when 19751 is divided by 267.
260
What is the remainder when 3859 is divided by 238?
51
What is the remainder when 124 is divided by 80?
44
Calculate the remainder when 97355 is divided by 52.
11
What is the remainder when 10809 is divided by 491?
7
Calculate the remainder when 18665 is divided by 12.
5
Calculate the remainder when 102680 is divided by 516.
512
What is the remainder when 112212 is divided by 919?
94
Calculate the remainder when 2955 is divided by 386.
253
What is the remainder when 344579 is divided by 114843?
50
What is the remainder when 1780 is divided by 9?
7
Calculate the remainder when 189384 is divided by 773.
772
What is the remainder when 10735 is divided by 229?
201
What is the remainder when 1657 is divided by 790?
77
Calculate the remainder when 11508 is divided by 168.
84
What is the remainder when 1104 is divided by 549?
6
What is the remainder when 91992 is divided by 10?
2
What is the remainder when 62277 is divided by 202?
61
Calculate the remainder when 44512 is divided by 19.
14
Calculate the remainder when 135 is divided by 8.
7
What is the remainder when 23915 is divided by 692?
387
Calculate the remainder when 11669 is divided by 416.
21
What is the remainder when 58788 is divided by 29391?
6
Calculate the remainder when 103658 is divided by 75.
8
Calculate the remainder when 22642 is divided by 1136.
1058
What is the remainder when 9724 is divided by 128?
124
What is the remainder when 5088 is divided by 113?
3
Calculate the remainder when 15792 is divided by 876.
24
What is the remainder when 10639 is divided by 2347?
1251
Calculate the remainder when 10939 is divided by 2187.
4
Calculate the remainder when 5780 is divided by 519.
71
Calculate the remainder when 866759 is divided by 15.
14
Calculate the remainder when 112548 is divided by 30.
18
What is the remainder when 2064 is divided by 225?
39
Calculate the remainder when 52761 is divided by 29.
10
Calculate the remainder when 18613 is divided by 365.
363
What is the remainder when 466162 is divided by 563?
561
Calculate the remainder when 28396 is divided by 64.
44
Calculate the remainder when 985638 is divided by 18.
12
Calculate the remainder when 729 is divided by 120.
9
Calculate the remainder when 615290 is divided by 51273.
14
What is the remainder when 53746 is divided by 5971?
7
What is the remainder when 16229 is divided by 173?
140
Calculate the remainder when 1363 is divided by 541.
281
Calculate the remainder when 5516 is divided by 9.
8
Calculate the remainder when 722040 is divided by 219.
216
What is the remainder when 4116 is divided by 20?
16
Calculate the remainder when 6622 is divided by 176.
110
What is the remainder when 19186 is divided by 2123?
79
What is the remainder when 6315 is divided by 40?
35
Calculate the remainder when 28586 is divided by 1588.
2
Calculate the remainder when 115339 is divided by 519.
121
Calculate the remainder when 1471 is divided by 299.
275
Calculate the remainder when 44554 is divided by 6.
4
Calculate the remainder when 11468 is divided by 499.
490
What is the remainder when 593941 is divided by 53994?
7
Calculate the remainder when 1408 is divided by 10.
8
Calculate the remainder when 30089 is divided by 42.
17
Calculate the remainder when 212862 is divided by 64.
62
What is the remainder when 31527 is divided by 75?
27
What is the remainder when 1677822 is divided by 32?
30
What is the remainder when 47500 is divided by 648?
196
What is the remainder when 3606 is divided by 3033?
573
Calculate the remainder when 6228 is divided by 2071.
15
Calculate the remainder when 1762 is divided by 291.
16
Calculate the remainder when 4857 is divided by 3368.
1489
What is the remainder when 536 is divided by 306?
230
Calculate the remainder when 20796 is divided by 168.
132
Calculate the remainder when 42801 is divided by 321.
108
What is the remainder when 5917 is divided by 42?
37
Calculate the remainder when 13637 is divided by 461.
268
What is the remainder when 146264 is divided by 73127?
10
Calculate the remainder when 18542 is divided by 1834.
202
Calculate the remainder when 45949 is divided by 9.
4
What is the remainder when 4733 is divided by 46?
41
What is the remainder when 9701 is divided by 538?
17
What is the remainder when 1592 is divided by 252?
80
What is the remainder when 76726 is divided by 76719?
7
Calculate the remainder when 28466 is divided by 22.
20
Calculate the remainder when 26644 is divided by 81.
76
What is the remainder when 1256108 is divided by 78?
74
Calculate the remainder when 994165 is divided by 179.
178
What is the remainder when 174 is divided by 118?
56
What is the remainder when 170095 is divided by 409?
360
What is the remainder when 9386 is divided by 127?
115
What is the remainder when 5907 is divided by 9?
3
Calculate the remainder when 2253 is divided by 2251.
2
What is the remainder when 110942 is divided by 33?
29
Calculate the remainder when 12838 is divided by 2515.
263
Calculate the remainder when 11175 is divided by 3628.
291
Calculate the remainder when 2948 is divided by 624.
452
Calculate the remainder when 8342 is divided by 6583.
1759
What is the remainder when 9234 is divided by 922?
14
What is the remainder when 5454 is divided by 103?
98
What is the remainder when 